{"id":33,"date":"2024-01-12T14:39:58","date_gmt":"2024-01-12T12:39:58","guid":{"rendered":"https:\/\/maltiesi.lv\/?page_id=33"},"modified":"2024-01-13T14:55:36","modified_gmt":"2024-01-13T12:55:36","slug":"par-mums","status":"publish","type":"page","link":"https:\/\/maltiesi.lv\/?page_id=33","title":{"rendered":"Par mums"},"content":{"rendered":"<p>Biedr\u012bba MALTAS ORDE\u0145A PAL\u012aDZ\u012aBAS DIENESTS dibin\u0101ta ar m\u0113r\u0137i \u012bstenot krist\u012bgo \u017e\u0113lsird\u012bbu \u2013 karit\u0101ti m\u016bsdienu izpratn\u0113, atbalstot Latvijas soci\u0101li mazaizsarg\u0101t\u0101k\u0101s sabiedr\u012bbas grupas \u2013 nabadz\u012bbas riskam pak\u013cautos seniorus, cilv\u0113kus ar \u012bpa\u0161\u0101m vajadz\u012bb\u0101m, daudzb\u0113rnu \u0123imenes, \u0123imenes, kur\u0101s aug b\u0113rni ar \u012bpa\u0161\u0101m vajadz\u012bb\u0101m, paaugstin\u0101ta soci\u0101l\u0101 riska \u0123imenes, personas, kuras cietu\u0161as no vardarb\u012bbas, u.c. personas, kam nepiecie\u0161ama pal\u012bdz\u012bba, t\u0101d\u0113j\u0101di kalpojot kop\u0113jam sabiedr\u012bbas labumam. Apvienojot \u0161o grupu p\u0101rst\u0101vjus un str\u0101d\u0101jot ar tiem, tiek mazin\u0101ta vi\u0146u soci\u0101l\u0101 atstumt\u012bba, izol\u0113t\u012bba. Darbojoties kop\u0101, tiek veicin\u0101ta \u0161o cilv\u0113ku sadarb\u012bba un savstarp\u012bba, iek\u013cau\u0161an\u0101s sabiedr\u012bb\u0101, rezult\u0101t\u0101 mazinot gan vi\u0146u fizisk\u0101s, gan psihisk\u0101s vesel\u012bbas riskus, nabadz\u012bbas un soci\u0101l\u0101s atstumt\u012bbas riskus.<\/p>\n<p>Viena no biedr\u012bbas priorit\u0101t\u0113m ir darbs ar senioriem. Biedr\u012bbas dibin\u0101tais Senioru klubs apvieno akt\u012bvos seniorus, kuri biedr\u012bbas pal\u012bdz\u012bbas centra telp\u0101s tiekas 5 reizes ned\u0113\u013c\u0101 nu jau vair\u0101k nek\u0101 gadu. \u0160aj\u0101s tik\u0161an\u0101s reiz\u0113s seniori komunic\u0113 par sev aktu\u0101liem jaut\u0101jumiem, tiek organiz\u0113tas da\u017e\u0101das tematiskas lekcijas, kop\u0101 svin\u0113ti sv\u0113tki un koptas latvie\u0161u tautas trad\u012bcijas. Lai uztur\u0113tu fizisko formu, 2 reizes ned\u0113\u013c\u0101 notiek vingro\u0161anas nodarb\u012bbas.<br \/>\nPapildus katru m\u0113nesi tiek organiz\u0113tas tematiskas ekskursijas ar m\u0113r\u0137i iepaz\u012bt Latviju, t\u0101s v\u0113sturi un kult\u016bru.<\/p>\n<p>Biedr\u012bba sniedz atbalstu un r\u016bpes ar\u012b tiem senioriem, kuri vairs nesp\u0113j pilnv\u0113rt\u012bgi par sevi par\u016bp\u0113ties un akt\u012bvi iesaist\u012bties sabiedr\u012bbas dz\u012bv\u0113.<br \/>\nProjekta \u201cCIE\u0145A UN CER\u012aBA\u201d ietvaros tiek nodro\u0161in\u0101tas regul\u0101ras p\u0101rtikas paku pieg\u0101des uz senioru dz\u012bvesviet\u0101m, senioru transport\u0113\u0161ana nelielos izbraukumos \u2013 uz veikalu, uz pastu, banku, bankom\u0101tu, uz parku u.c.<\/p>\n","protected":false},"excerpt":{"rendered":"<p>Biedr\u012bba MALTAS ORDE\u0145A PAL\u012aDZ\u012aBAS DIENESTS dibin\u0101ta ar m\u0113r\u0137i \u012bstenot krist\u012bgo \u017e\u0113lsird\u012bbu \u2013 karit\u0101ti m\u016bsdienu izpratn\u0113, atbalstot Latvijas soci\u0101li mazaizsarg\u0101t\u0101k\u0101s sabiedr\u012bbas grupas \u2013 nabadz\u012bbas riskam pak\u013cautos seniorus, cilv\u0113kus ar \u012bpa\u0161\u0101m vajadz\u012bb\u0101m, daudzb\u0113rnu \u0123imenes, \u0123imenes, kur\u0101s aug b\u0113rni ar \u012bpa\u0161\u0101m vajadz\u012bb\u0101m, paaugstin\u0101ta soci\u0101l\u0101 riska \u0123imenes, personas, kuras cietu\u0161as no vardarb\u012bbas, u.c. personas, kam nepiecie\u0161ama pal\u012bdz\u012bba, t\u0101d\u0113j\u0101di kalpojot&#8230;<\/p>\n","protected":false},"author":1,"featured_media":101,"parent":0,"menu_order":0,"comment_status":"closed","ping_status":"closed","template":"","meta":{"ngg_post_thumbnail":0,"footnotes":""},"class_list":["post-33","page","type-page","status-publish","has-post-thumbnail","hentry"],"_links":{"self":[{"href":"https:\/\/maltiesi.lv\/index.php?rest_route=\/wp\/v2\/pages\/33","targetHints":{"allow":["GET"]}}],"collection":[{"href":"https:\/\/maltiesi.lv\/index.php?rest_route=\/wp\/v2\/pages"}],"about":[{"href":"https:\/\/maltiesi.lv\/index.php?rest_route=\/wp\/v2\/types\/page"}],"author":[{"embeddable":true,"href":"https:\/\/maltiesi.lv\/index.php?rest_route=\/wp\/v2\/users\/1"}],"replies":[{"embeddable":true,"href":"https:\/\/maltiesi.lv\/index.php?rest_route=%2Fwp%2Fv2%2Fcomments&post=33"}],"version-history":[{"count":2,"href":"https:\/\/maltiesi.lv\/index.php?rest_route=\/wp\/v2\/pages\/33\/revisions"}],"predecessor-version":[{"id":116,"href":"https:\/\/maltiesi.lv\/index.php?rest_route=\/wp\/v2\/pages\/33\/revisions\/116"}],"wp:featuredmedia":[{"embeddable":true,"href":"https:\/\/maltiesi.lv\/index.php?rest_route=\/wp\/v2\/media\/101"}],"wp:attachment":[{"href":"https:\/\/maltiesi.lv\/index.php?rest_route=%2Fwp%2Fv2%2Fmedia&parent=33"}],"curies":[{"name":"wp","href":"https:\/\/api.w.org\/{rel}","templated":true}]}}