{"id":704,"date":"2024-09-07T11:57:42","date_gmt":"2024-09-07T09:57:42","guid":{"rendered":"https:\/\/maltiesi.lv\/?page_id=704"},"modified":"2024-09-15T10:59:25","modified_gmt":"2024-09-15T08:59:25","slug":"dokumenti","status":"publish","type":"page","link":"https:\/\/maltiesi.lv\/?page_id=704","title":{"rendered":"Dokumenti"},"content":{"rendered":"\n<div class=\"wp-block-group is-vertical is-layout-flex wp-container-core-group-is-layout-8cf370e7 wp-block-group-is-layout-flex\">\n<p class=\"has-vivid-red-color has-text-color has-link-color has-medium-font-size wp-elements-d6bfbb46341f5a661f6a83fa167a9cfe\"><strong>\u0112tikas kodekss<\/strong><\/p>\n\n\n\n<div class=\"wp-block-file has-blush-bordeaux-gradient-background has-background\"><a id=\"wp-block-file--media-7d8a7dfa-9387-4992-8e4b-1fd8a585c02d\" href=\"https:\/\/maltiesi.lv\/wp-content\/uploads\/2024\/09\/Etikas-kodekss.pdf\">&gt;&gt;&gt;&gt;&gt;&gt;&gt;&gt;&gt;&gt;<\/a><a href=\"https:\/\/maltiesi.lv\/wp-content\/uploads\/2024\/09\/Etikas-kodekss.pdf\" class=\"wp-block-file__button wp-element-button\" download aria-describedby=\"wp-block-file--media-7d8a7dfa-9387-4992-8e4b-1fd8a585c02d\"><strong><mark style=\"background-color:#000000\" class=\"has-inline-color has-white-color\">Atv\u0113rt<\/mark><\/strong><\/a><\/div>\n<\/div>\n\n\n\n<div class=\"wp-block-group is-vertical is-layout-flex wp-container-core-group-is-layout-8cf370e7 wp-block-group-is-layout-flex\">\n<p><\/p>\n\n\n\n<p><\/p>\n\n\n\n<p class=\"has-vivid-red-color has-text-color has-link-color has-medium-font-size wp-elements-e97396a7377b592bd8eaf1d35a9ed0f7\"><strong>Stat\u016bti<\/strong><\/p>\n\n\n\n<div class=\"wp-block-file alignleft has-blush-bordeaux-gradient-background has-background\"><a id=\"wp-block-file--media-bd88eb2b-964c-4c0c-afbe-a6e3b00c4f64\" href=\"https:\/\/maltiesi.lv\/wp-content\/uploads\/2024\/09\/Statuti_MOPD.pdf\">&gt;&gt;&gt;&gt;&gt;&gt;&gt;&gt;&gt;&gt;<\/a><a href=\"https:\/\/maltiesi.lv\/wp-content\/uploads\/2024\/09\/Statuti_MOPD.pdf\" class=\"wp-block-file__button wp-element-button\" download aria-describedby=\"wp-block-file--media-bd88eb2b-964c-4c0c-afbe-a6e3b00c4f64\"><strong>Atv\u0113rt<\/strong><\/a><\/div>\n\n\n\n<p><\/p>\n<\/div>\n\n\n\n<p><\/p>\n\n\n\n<div class=\"wp-block-group is-vertical is-layout-flex wp-container-core-group-is-layout-8cf370e7 wp-block-group-is-layout-flex\">\n<p class=\"has-vivid-red-color has-text-color has-link-color has-medium-font-size wp-elements-a9ecb96e97fd8a8f185cdc46ab31653a\"><strong>MOPD Strat\u0113\u0123ija 2022. &#8211; 2030.g.g.<\/strong><\/p>\n\n\n\n<div class=\"wp-block-file alignleft has-blush-bordeaux-gradient-background has-background\"><a id=\"wp-block-file--media-5f4b4d58-11ee-4a37-9350-dfe69a108f61\" href=\"https:\/\/maltiesi.lv\/wp-content\/uploads\/2024\/09\/MOPD_strategija_-2022_2028.pdf\">&gt;&gt;&gt;&gt;&gt;&gt;&gt;&gt;&gt;&gt;<\/a><a href=\"https:\/\/maltiesi.lv\/wp-content\/uploads\/2024\/09\/MOPD_strategija_-2022_2028.pdf\" class=\"wp-block-file__button wp-element-button\" download aria-describedby=\"wp-block-file--media-5f4b4d58-11ee-4a37-9350-dfe69a108f61\"><strong>Atv\u0113rt<\/strong><\/a><\/div>\n<\/div>\n\n\n\n<p><\/p>\n\n\n\n<div class=\"wp-block-group is-vertical is-layout-flex wp-container-core-group-is-layout-8cf370e7 wp-block-group-is-layout-flex\">\n<p class=\"has-vivid-red-color has-text-color has-link-color has-medium-font-size wp-elements-294ef0ab56a1177f5ff2cfaf7cd183cf\"><strong>CODE OF CONDUCT FOR THE SAFEGUARDING OF CHILDREN AND<br>VULNERABLE ADULTS<\/strong><\/p>\n\n\n\n<div class=\"wp-block-file alignleft has-blush-bordeaux-gradient-background has-background\"><a id=\"wp-block-file--media-85c39246-a7f5-4dfd-b6b2-0b6d634bf9af\" href=\"https:\/\/maltiesi.lv\/wp-content\/uploads\/2024\/09\/Code-of-conduct-for-the-safeguarding-of-children-and-vulnerable-adults-MOPD-.pdf\"><strong>&gt;&gt;&gt;&gt;&gt;&gt;&gt;&gt;&gt;&gt;<\/strong><\/a><a href=\"https:\/\/maltiesi.lv\/wp-content\/uploads\/2024\/09\/Code-of-conduct-for-the-safeguarding-of-children-and-vulnerable-adults-MOPD-.pdf\" class=\"wp-block-file__button wp-element-button\" download aria-describedby=\"wp-block-file--media-85c39246-a7f5-4dfd-b6b2-0b6d634bf9af\"><strong>Atv\u0113rt<\/strong><\/a><\/div>\n\n\n\n<p><\/p>\n<\/div>\n\n\n\n<p><\/p>\n","protected":false},"excerpt":{"rendered":"<p>\u0112tikas kodekss Stat\u016bti MOPD Strat\u0113\u0123ija 2022. &#8211; 2030.g.g. CODE OF CONDUCT FOR THE SAFEGUARDING OF CHILDREN ANDVULNERABLE ADULTS<\/p>\n","protected":false},"author":1,"featured_media":0,"parent":0,"menu_order":0,"comment_status":"closed","ping_status":"closed","template":"","meta":{"ngg_post_thumbnail":0,"footnotes":""},"class_list":["post-704","page","type-page","status-publish","hentry"],"_links":{"self":[{"href":"https:\/\/maltiesi.lv\/index.php?rest_route=\/wp\/v2\/pages\/704","targetHints":{"allow":["GET"]}}],"collection":[{"href":"https:\/\/maltiesi.lv\/index.php?rest_route=\/wp\/v2\/pages"}],"about":[{"href":"https:\/\/maltiesi.lv\/index.php?rest_route=\/wp\/v2\/types\/page"}],"author":[{"embeddable":true,"href":"https:\/\/maltiesi.lv\/index.php?rest_route=\/wp\/v2\/users\/1"}],"replies":[{"embeddable":true,"href":"https:\/\/maltiesi.lv\/index.php?rest_route=%2Fwp%2Fv2%2Fcomments&post=704"}],"version-history":[{"count":24,"href":"https:\/\/maltiesi.lv\/index.php?rest_route=\/wp\/v2\/pages\/704\/revisions"}],"predecessor-version":[{"id":896,"href":"https:\/\/maltiesi.lv\/index.php?rest_route=\/wp\/v2\/pages\/704\/revisions\/896"}],"wp:attachment":[{"href":"https:\/\/maltiesi.lv\/index.php?rest_route=%2Fwp%2Fv2%2Fmedia&parent=704"}],"curies":[{"name":"wp","href":"https:\/\/api.w.org\/{rel}","templated":true}]}}